 = -5*j**3 + j**2 + 5*j + 3. Let n be q(-3). Let z be (-11)/(n/90)*4/3. Is r(z) composite?
False
Let h(y) = 4*y**2 - 1. Let r be h(-1). Suppose -w = r*v - 892, 2917 = 4*w + 3*v - 669. Let a = w + -611. Is a prime?
False
Suppose -4*v + 1085012 = -8*g, 354*v - 356*v - 2*g + 542512 = 0. Is v composite?
True
Suppose 0*f - 2*f = -4*h + 94, -f + 4*h = 47. Let c = f - -49. Suppose -c*r - 2510 = -7*r. Is r prime?
False
Suppose 25*m = -2*m + 3024. Is 2*7/(m/27544) prime?
False
Let n = 2269 + -793. Suppose -3*x = 4*j - 1049, j + 692 = 5*x - 3*x. Let k = x + n. Is k composite?
False
Let y be (10 + -8)*(-14)/4. Let i(l) = 16*l**2 + 5. Let m(k) = -47*k**2 - 14. Let r(p) = 7*i(p) + 2*m(p). Is r(y) prime?
False
Suppose -72*l + 6*l - 2*l + 48699492 = 0. Is l prime?
False
Suppose -4*q + f = -29, -3 + 2 = f. Suppose -q*u = -27600 - 3151. Is u composite?
True
Let b(c) = -94*c - 23. Suppose 2*f = 2*u - 82, 0*u + 115 = 3*u + f. Let q = u - 45. Is b(q) a prime number?
True
Let f(p) = -2*p**3 - 8*p**2 - 5*p + 1. Let g be f(-4). Let m = 22 - g. Is (1195 - (-3 + 3))/m prime?
False
Let n(x) = -2*x**3 + 13*x**2 - 5*x + 14. Let g be n(-11). Suppose -4*i - g = -3*u, -3*i = -5*i + 4*u - 2152. Let j = i - -2079. Is j a prime number?
False
Suppose -l = -2*l + 5, 4*l = -4*a + 40. Suppose -5008 = -9*v + a*v. Let t = v + -873. Is t prime?
True
Let z(w) = -w**3 - 27*w**2 - 6*w + 113. Let y(d) = -13*d**2 - 3*d + 57. Let f(q) = 5*y(q) - 2*z(q). Is f(8) prime?
False
Is ((-3)/((-75)/3970))/(20/2150) prime?
False
Let h(j) = -10*j - 96. Let v be h(-10). Suppose b + v*d - 2865 = 0, -4*b - 2*d = 2*d - 11436. Is b prime?
True
Is (635/(-25))/(16/(-304240)) composite?
True
Suppose 0 = -3*v + 2*x - 9, -2*v - 5*x + 5 = -8. Let z(g) = -6468*g**3 + g + 2. Is z(v) a composite number?
False
Let g(v) be the first derivative of -v**4/4 - 8*v**3/3 - 3*v**2 + 12*v + 19. Let k be g(-7). Suppose 0 = k*d - 1881 - 2894. Is d composite?
True
Suppose -132*a = -11*a + 36*a - 176832397. Is a a composite number?
True
Let s(p) = -p**2 + 8*p + 1. Let z be s(8). Let m be 2 + z/3 - 4/(-6). Suppose -m*c - 376 = -1171. Is c prime?
False
Suppose -15*z = 7*z + 12320. Is 2*9753/(-4)*z/120 a prime number?
False
Suppose -3*s + 4*l = -4*s - 13, 2*s = l + 10. Suppose v - 6*v = 4*p + 3, -v + 7 = -s*p. Is (-1)/p*7/((-7)/(-3466)) composite?
False
Let h = -178 + 107. Let j = 73 + h. Suppose j*y = -6*y + 34984. Is y a composite number?
False
Is 4683*11/66*2 a composite number?
True
Suppose 0 = -59*j + 45788878 + 23254896 - 19312143. Is j composite?
True
Suppose -38*x - 6453782 + 12091001 + 15131567 = 0. Is x a composite number?
False
Let v(z) = 5*z - 4*z**2 + 0*z**3 + 0*z - z**3 + 8 - 1. Let p be -5 - ((3 - 3) + 4). Is v(p) a composite number?
False
Suppose -32769 - 17121 = -2*g + 5*i, 4*g + 4*i - 99724 = 0. Is g prime?
False
Let q = 54 + -45. Suppose 2*u + q = -3*d + u, d = -u - 5. Is 1365/2 - d/4 a composite number?
False
Let s = -3618 + 5567. Let m = -1300 + s. Let l = -290 + m. Is l a prime number?
True
Suppose -2*f = 3*b - 360661, -42*b + 4*f = -39*b - 360685. Is b a prime number?
True
Let u = -371 - -374. Suppose 3*i + k - 33551 = 5*k, -55928 = -5*i - u*k. Is i a composite number?
True
Suppose 3*t = 4*n + 10528, 3*t + 5*n - 6893 = 3626. Let f = t + -1707. Is f prime?
True
Suppose 2*v = 5*s + 7 - 3, -v = 2*s - 2. Suppose v*k = -37 + 23. Let n = k - -192. Is n a composite number?
True
Suppose 5*w + 2*q = 51848, -2*q = -w - 411 + 10771. Suppose -w + 290 = -u. Is u a prime number?
False
Let g(y) = -7*y**2 - 3*y - 48*y**3 + 30 + 2*y**2 - 33. Let t be g(-3). Suppose 4*v + t = 7*v. Is v composite?
False
Let j(i) = -13*i**2 - 15*i - 57. Let z be j(-8). Let a = z - -2478. Is a composite?
False
Suppose 11039*p - 1379868 = 11027*p. Is p a composite number?
True
Let w = 544659 - -595108. Is w a prime number?
False
Let a(u) = u**3 - 5*u**2 - 8*u - 9. Let n be a(6). Let q = 26 + n. Suppose -3*r = 3*z - 2*z - 2188, -10892 = -q*z + r. Is z a prime number?
True
Suppose 1215 = 31*r + 223. Suppose 799 = 33*t - r*t. Is t a composite number?
True
Let a(i) = -i**2 + 1273. Let z be 0*(3 - (-14)/(-4)). Let v be a(z). Let u = v - 774. Is u a prime number?
True
Let j be 0 + (-3)/6 - 17607/(-6). Suppose -3151 = -5*c + j. Is c prime?
True
Let b(z) = -6*z**2 + 4*z + 22. Let h be b(-10). Let i = 2171 - h. Is i prime?
True
Suppose 3*k + 3*h = 3630, -8*h + 3*h - 1222 = -k. Let x = k - 152. Suppose 3*d = -d + x. Is d a prime number?
False
Let v(a) = 260*a**2 - 129*a - 107. Is v(-42) prime?
False
Is (-1)/(-6 + 1417150/236194) a composite number?
False
Let d(u) = 10*u**2 + 6*u + 5. Suppose -2*v + 0*v - 4*r + 94 = 0, -4*r - 4 = 0. Suppose v = -4*p + 5*c, p - 3*c + 20 = 6. Is d(p) a prime number?
False
Let o(v) = 27*v**2 + 69*v + 65. Is o(-61) a composite number?
False
Let g(d) = -d**3 - 7*d**2 + 7*d - 20. Let t be g(-8). Is 36274/8 - t/16 prime?
False
Let r(f) = -472*f - 73. Let y be r(5). Is y/(-2) + -6 + (-26)/(-4) a composite number?
False
Is (-18216390)/(-20)*(-6)/(-9) a prime number?
True
Let z = 35 + -137. Let j = z + 117. Is (-2 - (-2890)/j) + (-1)/(-3) a composite number?
False
Suppose 3*m + 3*g - 99 = 0, 0*m = -m + g + 41. Suppose 41*x - 1148 = m*x. Is x a composite number?
True
Suppose -515256 = 75*m - 83*m. Suppose -r + 6*b = b - m, 4*b = 16. Is r composite?
True
Is 100/(-30) + 11 + -7 + (-214159)/(-3) a prime number?
True
Let l = -76 + 46. Is l/(-18)*889473/65 a prime number?
True
Suppose 190*j - 2101215 = 175*j. Is j a prime number?
False
Is (21357 - ((-144)/(-68) + (-4)/34)) + 6 a composite number?
True
Is (-304431)/5*46670/(-2154) composite?
True
Let p = 224 + -190. Suppose -w = -3*o - p, 4*w + 0*o = -3*o + 61. Is w a prime number?
True
Suppose d = -z + 1, -20 = -4*d + z - 1. Suppose 2*a - 31793 = -5*s, -7972 = -3*s - d*a + 11101. Is s composite?
False
Suppose -729*b + 5*d = -729*b, b = d + 296909. Is b prime?
True
Let u(b) be the first derivative of -b**7/840 + b**6/90 + b**5/40 - b**4/3 - 2*b**3 - 25. Let i(v) be the third derivative of u(v). Is i(4) a composite number?
True
Let j(f) = 9*f**2 - 6*f + 48. Let m = -70 - -61. Is j(m) a composite number?
True
Let r = 349525 - 176038. Is r prime?
False
Let k(d) = -d**3 - 14*d**2 + 61*d + 19. Let j be k(14). Let y = j - -11394. Is y a prime number?
True
Suppose 1705 = 2*l - 5067. Is l/10 - ((-132)/(-20) - 7) a composite number?
True
Suppose 0 = 9*v + 1265 - 8591. Let p = v - -12283. Is p a composite number?
True
Suppose -4*p + 14 = 2. Suppose p*a + 2*a + 2*v + 17 = 0, 3*v + 3 = -3*a. Is ((-6)/(-10))/((-1)/a) - -1138 prime?
False
Let q(s) = -56*s - 19 + 8*s**3 + 3*s**3 - 15*s**3 + 0*s**2 - 6*s**2. Is q(-13) a prime number?
False
Is 12/2 + ((7 - -9) + -12 - -763443) a composite number?
True
Suppose 422*u - 418*u = -3*d + 1367027, -2*u - 2278413 = -5*d. Is d a composite number?
False
Is ((-20)/8 - 4)/(234369/117186 + -2) composite?
True
Let m = 799 - 798. Let t(j) = 44268*j - 67. Is t(m) a prime number?
True
Let i(y) = -7*y - 165. Let t be i(-24). Suppose t*o - 5649 = -2*f, -5*o = -3*f - 5823 - 3592. Is o a composite number?
True
Suppose -5*j + 3*m + 27920 = 4812, 5*j - 2*m = 23107. Is j composite?
False
Let s(p) = 5*p - 39. Let r be s(7). Let j(w) be the first derivative of 90*w**3 + 4*w**2 + w - 2. Is j(r) prime?
True
Let b = -97 - -101. Suppose 0 = -b*u - 5*l + 37, -3*u + 12 = 2*l - 7. Suppose -4*z - 111 = -k, -5*k - u*z = -587 - 60. Is k a composite number?
False
Let f be 10/(-175) + (-16479)/105. Let t be (-99 + 2)/((-2)/(-6)). Let u = f - t. Is u prime?
False
Suppose -1662 + 2039 + 2059 = 12*f. Is f composite?
True
Let v = -207 + 207. Let o(g) = -g**3 + 689. Is o(v) composite?
True
Let t be 13/3 - (8/6)/4. Suppose 5*n - 4*u = 17969, -t*n = u - 14108 - 263. Is n a prime number?
True
Suppose 5*v - 4*t = -3*t + 27, 0 = -v - 3*t - 1. Suppose i + 5*m - 9929 = -2*i, 4*i - 13262 = v*m. Is i a composite number?
False
Suppose 107*v = 39*v + 11940868. Is v a composite number?
False
Let m be (-260252)/8*(-8 + 6). Suppose 3*x = -4*i + m - 9944, -3*x - 5*i + 55119 = 0. Is x a prime number?
False
Let b = -26 + 28. Let t(m) = m + 4 - 12*m**2 + 876*m**b + 3 - 5. Is t(-1) a composite number?
True
Suppose 0 = -3*t + t + 6. Let x(v) = -40*v**2 - 7*v + 5. Let y(f) = -120*f**2 - 19*f + 15. Let b(o) = 8*x(o)